- 24612*d. Calculate r(-11).
15
Let p(w) be the third derivative of w**5/10 - w**4/24 + w**3/6 - 134*w**2. Suppose -4*t - 6 = -u, 3*t - t = u. Let y be u/(-16) - 30/(-48). Determine p(y).
6
Let p(h) = -2*h**2 - 109*h + 276. Let q be p(-57). Let d = 2 - -2. Let x(y) = d + 6 + y - 2. Give x(q).
-1
Suppose -4*a + 4*o = 7*o - 27, -3*a + 2*o + 16 = 0. Let n(y) = 2 - 14 + 5*y + a + 7. What is n(-1)?
-4
Let f(d) = 10*d + 90. Suppose -23 + 733 = -71*r. Determine f(r).
-10
Let t(j) = j**3 + 4*j**2 - 76*j + 16. Let b be t(-11). Let m(w) = -2*w**2 + 14*w - 12. Let x(i) = -2*i**2 + 12*i - 10. Let k(g) = b*x(g) - 4*m(g). Give k(2).
-2
Let q = -195 - -198. Let j(v) = -48*v - 8 - q*v**2 + 44*v + 2*v**2 + 4 - 2. Calculate j(-5).
-11
Let h(t) = 172*t - 517. Let d be h(3). Let u(k) = 48*k**3 + k**2 + 3*k + 2. What is u(d)?
-48
Let l(j) = j**2 + 44 - 50 - 3*j**2 + 3*j**2 - 7*j. Let p = 1146 - 1137. What is l(p)?
12
Let t(s) = -2*s. Let a(j) = 149 + 158 + j - 454 + 148. Let x be 8/6 - 3/9. Let h(z) = x*a(z) + t(z). Determine h(-4).
5
Let u(a) = -4*a**2 - a - 3. Suppose -2*n + 4*n + 1 = -3*y, 5*n - 6 = y. Let f(b) = -b**2 + 1. Let m(i) = y*u(i) - 2*f(i). Calculate m(-1).
6
Let i(x) be the third derivative of -29*x**4/24 + 205*x**3/6 - 3*x**2 + 91*x - 1. Calculate i(7).
2
Let d(r) be the second derivative of r**4/12 + r**3/6 + 3*r**2 - 9*r. Suppose 3 = 4*u + 11, -u - 2 = -4*g. Let q be (0 - g)/(-8 - -5). Determine d(q).
6
Suppose -l - 9 = -2*y - 0*l, -5*l = 25. Let a(x) be the first derivative of -x**2 + 45 - 2/3*x**3 + 1/2*x**4 + 3*x. What is a(y)?
7
Let z(s) be the third derivative of -s**4/24 + s**3/2 - 2533*s**2. Determine z(2).
1
Let s = 1227 + -1220. Let i(b) = -8*b + 65. Determine i(s).
9
Suppose 3*v + 2*k + 2 = 0, 4*v = -3*k - 0 - 4. Suppose -2*r - 2*d = 0, 2*r + 7 = -5*d + 1. Let i be 8/r*v/(-4). Let c(u) = -u**2 - u + 1. Calculate c(i).
-1
Let y(p) = -7*p - 2. Let k(x) = -3*x - 2*x + 5 + 4*x. Suppose 2*i - 7*i = -40. Let b be k(i). What is y(b)?
19
Let r(s) = -s**2 + s - 1. Let i be 6/(-2)*2/(-2). Suppose i*h = -15, -p - 20 = 5*h + 11. Let c be (-3)/p*(2 - 6/3). Determine r(c).
-1
Let l(i) = i**3 - 7*i**2 + 6*i + 4. Suppose 10 = -5*p + 100. Suppose p + 162 = 30*h. Determine l(h).
4
Let s(y) be the second derivative of 0*y**2 + 4/3*y**3 + 0 - 39*y + 1/120*y**5 + 1/3*y**4. Let r(b) be the second derivative of s(b). What is r(-12)?
-4
Let c be 34 - 40 - (2 + -11). Let b(w) = 0*w**3 + 2*w**3 - 3*w + 3 - c*w**3 - 8*w**2 + 2*w**2. What is b(-6)?
21
Let j(b) = -9*b + 6. Let k(m) = -8*m + 5. Let d(z) = -6*j(z) + 7*k(z). Suppose 110 = 9*v + 2*v. Suppose 16 = n - 5*u, 5*u - v + 30 = 0. Calculate d(n).
7
Let a be ((-9156)/(-45))/4 + 6/45. Let j = 54 - a. Let m(v) = 2*v**2 - 3*v - 2. Give m(j).
7
Let v(f) = -f**3 - 3*f**2 - 8*f + 6. Let a(u) = u**2. Let c(m) = 6*a(m) - v(m). Suppose -362*r - 3034 = -882 + 744. What is c(r)?
-6
Suppose -658 + 1923 = 115*f. Let b(x) = 8*x - 55. What is b(f)?
33
Let n(a) = -3489 + 6936 - 4*a - 3477 + a**2. Give n(8).
2
Let p(x) be the second derivative of -x**4/12 - 29*x**3/6 - 14*x**2 - x + 121. Let v be p(-28). Let i(f) = f**3 + f**2 + 18. What is i(v)?
18
Suppose -2 = 2*w - 3*w - q, 0 = 3*q + 9. Suppose 14*c - w*c + 63 = 0. Let k(r) be the second derivative of r**4/12 + 7*r**3/6 - 3*r**2/2 + 96*r. Determine k(c).
-3
Let u(w) = -2*w**2 + 3*w + 8. Let t be u(8). Let r = 96 + t. Suppose 9 + r = -3*b. Let n(g) = -g**3 - 2*g**2 + 3*g - 4. Determine n(b).
-4
Let h(v) = -v**3 + 18*v**2 + 41*v - 24. Let s = -4070 + 4090. Calculate h(s).
-4
Let m(c) = -c**2 + 64*c + 359. Suppose -22*p + 192*p = -195*p - 1825. What is m(p)?
14
Let d(k) = -21*k - 154. Let f be d(-8). Suppose -9*b + 40 = -f*b. Let z(v) = v**3 + 7*v**2 - 8*v. Determine z(b).
0
Let c(n) = n - 4. Suppose -2*l + 26 = 48. Let v = l + 19. Suppose 13*r - v = 11*r. Give c(r).
0
Let r(a) be the third derivative of a**5/60 + 5*a**4/24 - 13*a**3/6 + 2449*a**2 - 2. Determine r(5).
37
Suppose 0 = 521*v - 555*v + 748. Let t(a) = -2*a**2 + 48*a - 88. What is t(v)?
0
Let q = -3817 + 3825. Let k(x) = x**3 - 9*x**2 + 10*x - 14. Give k(q).
2
Let o be -2 - (4 + 3 + -4). Let t = -30 + 33. Let s(a) = -2*a - 10*a**3 - 6*a**2 + 7*a**3 + 2*a**t. Calculate s(o).
-15
Suppose 10 = -5*m + 20. Let p(n) = -11 - n**2 + 11*n - 2*n**2 + m*n**2. Give p(11).
-11
Let u(c) be the first derivative of c**3/3 + 5*c**2 - 13. Let s(i) = -5*i - 125. Let o be s(-23). Determine u(o).
0
Let v(i) = -i - 18. Suppose 3*k + j = 62, 85 = 4*k - 696*j + 695*j. Give v(k).
-39
Suppose -2*r - 4*t = -42, -3*t - 2 = -8. Suppose -3*a = -r*a - 84. Let s(p) = p**2 + 10*p + 9. Give s(a).
-15
Let p = 3 + 0. Let v(q) = 6*q**2 - 2*q + 16. Let l(n) = -3*n**2 + n - 7. Let x(f) = 9*l(f) + 4*v(f). What is x(p)?
-23
Let b(f) = -f**3 + 23*f**2 + f - 27. Suppose -1086*d + 1127*d = 233 + 710. Determine b(d).
-4
Let k(g) = -13*g - g + 3*g + 8*g - 4*g - g. Let l(u) = -u**3 + 2*u**2 + u + 3. Let r be l(3). Determine k(r).
24
Let d(t) = -19*t - 16. Let h(g) = -16*g - 16. Let r(m) = 5*d(m) - 6*h(m). Determine r(-11).
5
Let c(v) = 11*v**2 - 5*v - 7. Suppose 3*p = 4*p - u - 7, -25 = 5*u. Let m(f) = 61*f**2 - 24*f - 35. Let k(b) = p*m(b) - 11*c(b). Calculate k(-10).
37
Let x = -35573 + 35573. Let z(b) = 0 + 0 - b. Calculate z(x).
0
Suppose 4 + 10 = 176*b - 162*b. Let c(t) = 21*t + 3. Calculate c(b).
24
Suppose -2*o + 16*o - 56 = 0. Let z be (2/(-4))/(((-15)/5)/18). Let p(k) = 4*k + 28 - 30 - z*k. Calculate p(o).
2
Let h(x) = 6*x**3 - 39*x**2 + 78*x - 75. Let m(f) = f**3 - 7*f**2 + 13*f - 13. Let n(s) = -2*h(s) + 13*m(s). Give n(5).
-154
Let n(i) = -93*i + 91*i + 2 + 5 + 2*i**2. Let r be n(0). Let t(q) = -q**2 - 14*q + 19*q - 12*q - r. Determine t(-6).
-1
Let c(h) = 1 - 8*h - 2*h + 4*h + 5*h. Let l(x) = -4*x. Let r(v) = 6*c(v) - 2*l(v). Calculate r(-5).
-4
Let n(u) = -u**3 + 40*u**2 - 74*u - 78. Suppose 0 = -5*g - 5*f + 160, -3*g + 90 = 16*f - 12*f. Give n(g).
-2
Let b(g) = -8*g - 3*g**2 - 3*g - 3*g**2 + g + 18 - g. Calculate b(2).
-28
Let q(u) = -80*u - 171. Let s(w) = -18*w - 43. Let z(v) = -2*q(v) + 9*s(v). Calculate z(0).
-45
Let w(z) = 25*z**3 - 64*z**2 + 22*z + 19. Let x(o) = 14*o**3 - 33*o**2 + 11*o + 10. Let d(k) = -4*w(k) + 7*x(k). Calculate d(12).
6
Let c(w) = -2*w**2 + 35*w + 193. Let f = -2607 + 2629. Give c(f).
-5
Let f(r) be the third derivative of -r**4/24 + r**2. Suppose 32*d = 6*d + 182. Suppose -q - 29 = 4*j, -5*j + 9*q = d*q + 33. Determine f(j).
7
Let z(k) = -k**2 + 4*k. Let w = -223 - -223. Suppose -3*g + w*d + 29 = -5*d, -4*g + 2*d + 20 = 0. Calculate z(g).
3
Let l(w) = -10*w - 9. Suppose -22 = -5*y - n, n - 204 = -197. Determine l(y).
-39
Let s(y) = 5*y + 9. Let q(r) = -6*r - 10. Let z(w) = -4*q(w) - 5*s(w). Suppose -5*i + 0 + 5 = 0. Suppose g + 7 = -i. What is z(g)?
3
Let p(c) = c**3 - 8*c**2 + 8*c + 20. Suppose -6*m + 2 = -5*m - 2*r, -8 = -2*m + 2*r. Let b be p(m). Let v(i) = -i**3 - 4*i**2 - 5*i + 1. Determine v(b).
21
Let t be (190/(-57))/((-6)/9). Suppose 0 = r - t*a - 21, 2*r = -r + 4*a + 19. Let n(v) = -19*v - 1. What is n(r)?
-20
Let a(y) = -2*y**3 + 11*y**2 - 9*y - 10. Let i be a(4). Let h(o) = -2 + 8*o + i*o**2 - 5*o + 0*o - 2*o - o**3. Determine h(-3).
40
Let k(x) = x - 1. Let d(r) = 6*r - 4. Let a(j) = 2*j + 14. Let b be a(-8). Let w(t) = b*d(t) + 6*k(t). What is w(-2)?
14
Suppose -5*g + 5*v = 795, 13*g - 2*v + 159 = 12*g. Let w = 157 + g. Let b be w - ((2 - -1) + -2). Let n(l) = -l**3 - 4*l**2 - l + 2. Give n(b).
-4
Let c(i) = -i**2 + 26. Suppose 3*s + 5*z + 115 = 0, 8*s - 70 = 10*s + 2*z. Let k be 60/s - 2/(-1). Determine c(k).
26
Let w(b) be the third derivative of b**5/4 + 5*b**4/24 + 7*b**3/6 + 65*b**2 - b. What is w(-2)?
57
Let x be 102*(-8)/(-336)*-7. Let p(m) = 4*m**3 + 18*m**2 + 21*m + 25. Let y(i) = -7*i**3 - 36*i**2 - 41*i - 48. Let t(n) = -5*p(n) - 3*y(n). What is t(x)?
2
Let i(m) = 14*m + 7. Let n(t) = -21*t - 11. Let r(b) = 8*i(b) + 5*n(b). Let o be 2 - -208*(-1)/((-4)/(-10)). Let s = o - -516. Calculate r(s).
-13
Let g(p) = p**2 - 7*p - 4. Let a be ((-40)/(-40) + 2/(-4))*68. Suppose 5*q - 4*y = 62, -19*q + 15*q = 2*y - a. Calculate g(q).
26
Let d(w) be the first derivative of -1/4*w**4 - 30 - 2*w**3 - w**2 - 7*w. Determine d(-5).
-22
Suppose -2 - 2 = -2*r + 3*v, 2*v = -3*r + 19. Suppose -5*u = -r*f, 10*f =